hundreds digit of c(-4)?
1
What is the units digit of 1*(-1 - 0)*-1?
1
Suppose -2 = -5*b + 3*x, 3*x + 20 = -b - 3*b. Let k be 8/3 - b/6. Suppose -3*l + k = -18. What is the units digit of l?
7
Let a be (-52)/(-6) + 4/(-6). Suppose 28 + a = 3*c. What is the units digit of c?
2
Suppose 3*o = -34 + 10. Let k = 6 + o. Let j = k - -4. What is the units digit of j?
2
Suppose 5*c + 25 = 0, -2*z - 9 = 2*c - 1. What is the units digit of z?
1
Suppose 0 = 4*u + 5*v - 525, 6*v - 385 = -3*u + 4*v. What is the tens digit of u?
2
Let y(v) = 2*v**3 - 6*v**2 - 6*v. What is the units digit of y(5)?
0
Let u(g) = g**2 - 8*g + 5. Let m be u(5). Let l = 0 - m. Let p = l - 5. What is the units digit of p?
5
Let x = -48 + 85. What is the units digit of x?
7
Let d(j) = j**2 + 6*j - 15. Suppose 8 = -2*r - 3*i - 14, -r - 11 = -2*i. Let n be d(r). What is the tens digit of ((-18)/(-12))/(6/n)?
1
Suppose p = 14 + 2. Let l be ((-9)/36)/((-2)/16). Suppose 5*j = 4*x + 23 + l, -4*x = -4*j + p. What is the units digit of j?
9
Let r(q) = -q**3 + q + 9. Let o be r(0). Suppose 3*v = -2*w + 23, -v - o = 4*w - 6*v. What is the units digit of w?
4
Let z(k) = k**2 - k + 5. Let u be z(5). Suppose 2*w + 3*w = u. What is the units digit of w?
5
Let h(b) = 4*b + 9 + 5 - 2*b - 5*b. What is the units digit of h(-8)?
8
Suppose -5*k - 6 = -121. What is the units digit of k?
3
Let i be (-2)/(4*(-3)/30). Suppose -m + 5*m + 50 = 3*b, -35 = -i*b - 3*m. What is the units digit of b?
0
What is the units digit of ((-4)/(-5))/(4/290)?
8
Let j(f) = -f**3 - 10*f**2 + f + 13. What is the units digit of j(-10)?
3
Suppose r + r - 6 = 0. Suppose -r = -3*a + 3. Suppose -f = a*f - 9. What is the units digit of f?
3
Suppose -2*t = -2 - 0. Let z = t + 0. Let g(y) = 6*y - 1. What is the units digit of g(z)?
5
Suppose 3*s - 14 = -2*g, 7*s - 2*s - g - 19 = 0. Suppose s*l = l + 15. What is the units digit of l?
5
Let j(k) = 2*k**2 + 2*k + 10. Let a be j(7). Let w = a + -78. What is the units digit of w?
4
Let d be 231/9 - 1/(-3). Suppose 5*n - d - 39 = 0. What is the tens digit of n?
1
Let d be (-44)/8*(-12)/3. Let u = d - 19. What is the units digit of u?
3
Suppose 5*u + 4*n - 133 = 0, u - 5*n + 4*n - 32 = 0. What is the units digit of u?
9
Let a be (24/10)/((-2)/(-5)). Let f = 1 + 3. Suppose -2*s + 4*w = -a, f*s + 0*w - 39 = -w. What is the units digit of s?
9
Let x(t) = -t**3 - 6*t**2 + 6*t + 4. Suppose 14 = -2*w - 0. What is the tens digit of x(w)?
1
Let m be ((-42)/35)/(1/5). Let w be 2/m + 163/3. Let z = w + -35. What is the units digit of z?
9
Let w(a) = -8*a - a**2 - 2 + 2*a + 6. Suppose 4*m - 15 = 7*m. What is the units digit of w(m)?
9
Let i(m) = -120*m + 30. What is the tens digit of i(-2)?
7
Suppose 4*r = -4*x + 36, r - 51 = -2*r + 5*x. Suppose 3*m = 3*i, -m = -6*i + 2*i + r. What is the units digit of i?
4
Let a(j) be the second derivative of -2*j + 1/6*j**3 + 17/2*j**2 + 0. What is the units digit of a(-8)?
9
Suppose 3*j - 5*u = -10, -u = 3*j - 0*u - 2. What is the units digit of (-9)/(-2)*(j - -2)?
9
Suppose 5*f = 7*f + 66. Let g = -19 - f. What is the units digit of g?
4
Suppose -2*s = 4*k - 234, -5*k + 0*s + 300 = 5*s. What is the tens digit of k?
5
Suppose 3*t + 5*m - 299 = 0, 131 = 3*t - 5*m - 158. What is the units digit of t?
8
Let b = 5 - 0. Let o(x) = 5*x**2 + 11*x - 7. Let z(g) = 4*g**2 + 10*g - 6. Let t(p) = b*o(p) - 6*z(p). What is the units digit of t(7)?
5
Suppose -128 = -4*s + 5*d, s + 11 - 36 = 3*d. What is the tens digit of s?
3
Let v(k) = -k**3 + 3*k**2 + 3*k - 3. Let s(y) = -3 + 1 - 1 + 2*y. Let t be s(3). What is the units digit of v(t)?
6
Let x = 6 - 4. Let t = x - 4. Let l = 8 + t. What is the units digit of l?
6
Suppose -46 = -6*f + 4*f. Suppose -f = -v + 5. What is the units digit of v?
8
Suppose -1485 = -6*g + g. Suppose 5*c + 2*y + y - g = 0, 0 = -2*c - 4*y + 116. What is the units digit of c/18 + (-1)/3?
3
Suppose -6*f = -4*f - 14. Suppose f + 6 = t. What is the units digit of t?
3
Suppose 0 = 2*i - 11 - 11. Let o be 211/i - (-4)/(-22). What is the tens digit of o/(2 + -3 - -2)?
1
Suppose 4*p + p = a - 3, -p = a - 3. What is the units digit of 5 + 2*(1 - p)?
7
Let v(r) = -10*r**3 - 3*r**2 - r - 1. What is the tens digit of v(-2)?
6
Let l = -25 - -83. What is the tens digit of l?
5
Let j(c) = 8*c**2 - 2*c - 3. Let s(o) = -15*o**2 + 3*o + 5. Let t(m) = -11*j(m) - 6*s(m). What is the units digit of t(-3)?
9
Let w = 8 - 9. Let y = 0 + -2. What is the units digit of 11 + (w - (y - -1))?
1
Suppose 129 = 3*l + 2*t - 4*t, 15 = 5*t. What is the tens digit of l?
4
Let x = 0 - -5. Suppose 4*u - 51 = -c - 9, -x*u + 49 = 3*c. What is the units digit of u?
1
Let s(x) = -x**3 - 12*x**2 - 2*x + 26. What is the tens digit of s(-12)?
5
Let s be (-54)/(-15) + 2/5. Suppose 0 = 2*a - 6, -2 = s*p - 2*a + 4. Suppose 3*c + 0*c - 48 = p. What is the units digit of c?
6
Let f be 8/(-36) - (-16)/(-9). Let i(l) = -l**3 - 3*l**2 - 2*l + 2. Let n be i(f). Suppose -n = o - 4*c - 22, 3*o = -c + 47. What is the units digit of o?
6
Suppose 0 = -t + 6*t - 15. Let z = t + 13. Let h = z - 10. What is the units digit of h?
6
Let f = -267 + 375. What is the tens digit of f?
0
Let l(y) be the third derivative of y**5/60 + y**4/24 + y**3/6 + 2*y**2. Suppose 2*c + 3*h + 0*h = -3, 2*c + h = -5. What is the units digit of l(c)?
7
Let t = -2 - -4. What is the units digit of 27/t - (-3)/6?
4
Let s = 1 - -31. What is the tens digit of s?
3
Let x be ((-8)/(-10))/(2/10). Suppose 2*g = 4*g - x. Suppose -g*b - 3*l + 3 = 1, -5*b = 4*l - 5. What is the units digit of b?
1
Let r(h) = -3*h + 12. Let z be 8*(-2)/(-4) - 9. What is the tens digit of r(z)?
2
Suppose 0 = 4*y + 2*m - 792, 7*m - 983 = -5*y + 8*m. What is the tens digit of y?
9
Let j(x) = -45*x + 3. What is the units digit of j(-2)?
3
What is the units digit of 24/(22/6 + -3)?
6
What is the tens digit of 4140/75 - (-1)/(-5)?
5
Let f(h) be the first derivative of h**2/2 - 2*h + 3. What is the units digit of f(7)?
5
Suppose -2*y + 0*y + 4 = 0. Let v be (28/3)/(y/6). Suppose 0*b - v = -4*b. What is the units digit of b?
7
Suppose -7*i + 205 = -208. What is the tens digit of i?
5
What is the tens digit of (356/8)/(1/2)?
8
Suppose -3*p - 5 - 1 = 3*q, 4*q = -20. Let a be p*4/6 + 13. Suppose 2*k + 3*k - a = 0. What is the units digit of k?
3
Let t(i) be the third derivative of i**4/8 - 11*i**3/6 - 3*i**2. What is the units digit of t(10)?
9
Let h(l) = 2*l**2 + 3*l. Let t be h(-3). Let c = t + -4. What is the units digit of c?
5
Let i(j) = -145*j + 9. What is the hundreds digit of i(-2)?
2
Let u(f) = f**3 + 3*f**2 - 2*f - 2. Let c be u(-3). Suppose -3*q + c*x = -2*q - 8, -4*x + 56 = 3*q. What is the tens digit of q?
1
Suppose 2*u = 4*u - 92. What is the units digit of u?
6
Let y = 34 - -23. Let n = y - 0. What is the units digit of n?
7
Let i = 68 - 38. What is the tens digit of i?
3
Let s(x) = -3*x**2 + 3*x**3 - 2*x**3 - 2*x + 3*x + 3*x - 1. What is the units digit of s(4)?
1
Let u(y) = y**3 - 11*y**2 + 16*y - 15. What is the tens digit of u(10)?
4
Suppose -5*w = -0*w. Let p be (-45)/(-3) - 9/3. Suppose 0 = 2*d - w*d - p. What is the units digit of d?
6
Let s = 102 + -98. What is the units digit of s?
4
Let j = 97 - 43. What is the tens digit of j?
5
Suppose 5*a + 3*q = 154, 3*a - q - 90 = -4*q. What is the units digit of a?
2
Let s(x) = 24*x**2 - 2*x + 13. What is the tens digit of s(3)?
2
Suppose -3*c + 5*y - 4*y = -148, -2*y - 245 = -5*c. What is the units digit of c?
1
Suppose 8 = 2*n - g, 3*n - 5*g - 4 = 1. Let r be -39*1*2/(-3). Suppose -71 + r = -n*a. What is the units digit of a?
9
Suppose t + 2*t = -6. Let k = 1 + t. What is the units digit of -1 + k - (-8 + 0)?
6
Suppose -d = -6*d + 80. Let t be d/(-4)*(-1 - 1). What is the units digit of (-4)/(-2) - (-7 + t)?
1
Let k = -12 + 20. Let x(j) = -j**3 + 9*j**2 - 7*j - 1. What is the units digit of x(k)?
7
What is the tens digit of (103 - (-1 - -5))/1?
9
Let l(f) = 2*f + 3. Suppose -2*x = 2*x - 12. What is the units digit of l(x)?
9
Let r be (-10)/(-4)*(-8)/(-10). What is the units digit of r*-2*21/(-12)?
7
Let y(l) = -l + 7. Let m be y(4). Suppose -3*d + 2*d - 15 = -3*j, -39 = -4*j - 5*d. Suppose -5*h + 3*s = -s + j, -2*h - m*s = -16. What is the units digit of h?
2
Let c = 10 - 16. What is the tens digit of ((-22